-2*x + 13. List the prime factors of x.
11
What are the prime factors of (-5035)/(-38)*(-26)/(-5)?
13, 53
Let o(y) = y**3 - 7*y**2 - 2*y + 10. Let u be o(7). Let d be 10*((-6)/(-4) + 0). What are the prime factors of d/(-1)*u/6?
2, 5
Let p = 326 + -167. Suppose -5*y + 3*g + 0*g = p, -y = -3*g + 39. What are the prime factors of (20/(-15))/(4/y)?
2, 5
Suppose -g = -6*g. Let y(b) = b**2 + 14*b + 22. Let c be y(-12). What are the prime factors of g + 1 - 40/c?
3, 7
Let q(i) = -2*i - 24. Let s be q(-13). What are the prime factors of 33/s*176/33?
2, 11
Let h(k) = -k**2 + k + 16. Let l be 0*((-6)/8 - -1). Let j be h(l). Let u = j + -10. What are the prime factors of u?
2, 3
Let b be 1/3 + (-4)/12. Suppose 0 = -b*o + 7*o - 532. What are the prime factors of o?
2, 19
Let s be 2/8 + 5/(-40)*-14. Suppose -s*q + 137 = -163. List the prime factors of q.
2, 3, 5
Suppose 326 = 6*g - 3724. What are the prime factors of g?
3, 5
Let p = 326 - 502. Let l be p/18 + 16/(-72). Let j = 31 - l. List the prime factors of j.
41
Let a = -167 + 281. What are the prime factors of a?
2, 3, 19
Let k(c) = -c - 6. Let l be k(-8). Suppose -4*i + 92 = -l*i - 3*f, -8 = 2*f. List the prime factors of i.
2, 5
Suppose -92 = -2*t + t. Suppose -7*i + 665 = -2*i. Let k = i - t. What are the prime factors of k?
41
Let w(m) be the first derivative of 3*m**2/2 - 9*m - 4. Let d be w(3). Suppose -5*p = -t + 4*t - 73, d = 3*t - p - 97. What are the prime factors of t?
31
Suppose -8 = -3*z + 7. Suppose -10 = -z*b, 0*c = -c + 5*b - 8. Suppose 0 = 4*x + 3*g - 67 - 13, -22 = -c*x + 3*g. List the prime factors of x.
17
Let g = 27 - 29. What are the prime factors of 25*g/(-4)*6?
3, 5
Suppose 3*r = -5*g + 2554 + 2166, 0 = 4*g + r - 3776. What are the prime factors of g?
2, 59
Suppose 5*d + 4*r = 2*r + 550, -2*d = 5*r - 241. Suppose p + 32 = d. List the prime factors of p.
2, 19
Suppose 0 = 17*h - 22*h + 15. Suppose -6*d + d + 5*o = -500, -d - h*o + 108 = 0. List the prime factors of d.
2, 3, 17
Suppose 236 + 160 = 3*o. Suppose 0 = -r + 5*r - o. What are the prime factors of r?
3, 11
List the prime factors of (5/(-10))/((-3)/1014).
13
Let w = 843 - 185. List the prime factors of w.
2, 7, 47
Let z(h) = -1 - 5 + 8 + 4*h. Suppose -14 = -0*y - 5*y + i, 6 = 3*y - 3*i. What are the prime factors of z(y)?
2, 7
Let i(u) = -398*u**3 - 3*u**2 + 1. List the prime factors of i(-1).
2, 3, 11
Suppose 2*w - 1074 = -5*q, -2*w + 0*q + 4*q = -1110. What are the prime factors of w?
547
Suppose 0 = 4*l - 8. Suppose 0 = z - 2 + 3, 3*w - 4*z = -2. Let s = l - w. List the prime factors of s.
2
Let c be 6/72*8*(-51)/2. Suppose -j - j = -58. Let u = c + j. What are the prime factors of u?
2, 3
Suppose -j - 5 = -3*j + 5*k, -4*j = 5*k - 25. Suppose 0 = 5*g - 10, -3*o - 5*g + j + 35 = 0. Suppose 2*h - h = o. What are the prime factors of h?
2, 5
Suppose -4915 = -c + o, 9*c - 4*c + 5*o - 24615 = 0. List the prime factors of c.
4919
What are the prime factors of 36/(-9) + (1 - 3) + 431?
5, 17
Let m be 320/70 + 3/7. Let k(u) = 4*u**2 - 5*u + 9. Let s be k(m). Suppose b - 28 = -i, 3*i - 4*b = -9*b + s. What are the prime factors of i?
2, 7
Suppose 0 = a + 3*f - 34, -5*a + 4*a + 2*f + 39 = 0. Let g = -9 + a. What are the prime factors of g?
2, 7
Let a(m) = m**2 + 16*m + 34. Suppose 45 = -8*j + 5*j. What are the prime factors of a(j)?
19
Let i = -185 - -405. What are the prime factors of i?
2, 5, 11
Let u(a) = 8*a + 24. Let y be u(21). Let n = -110 + y. List the prime factors of n.
2, 41
Let n = -17 - -6. Let l = 6 + n. What are the prime factors of (-130)/l - (-6)/(-2)?
23
Let d(a) be the first derivative of a**2/2 + 7*a - 1. Let g be d(-7). Suppose g = b - 2*h - 32, h - 2*h - 33 = -b. What are the prime factors of b?
2, 17
Suppose -656 = 11*y - 3318. List the prime factors of y.
2, 11
Let h be 1/((0 + -1)/(-2)). Suppose 0 = m - h - 1. Suppose 0*z + 2*k - 26 = -4*z, 0 = m*z + k - 19. List the prime factors of z.
2, 3
Let g = 371 - -23. Suppose 0 = -2*j + 2*k + g, -j + 0*k = 5*k - 203. What are the prime factors of j?
2, 3, 11
Let b(i) = 7*i**2 - 11*i + 134. What are the prime factors of b(17)?
2, 5, 197
List the prime factors of (-783)/(-1 - 2) + (-1)/1.
2, 5, 13
Suppose 14092 = 15*u - 31193. List the prime factors of u.
3019
Let n(d) = -d + 8. Let l be n(0). Suppose l*k = 294 + 722. List the prime factors of k.
127
Let o(q) = -q**2 + 4*q + 7. Let z be o(4). Suppose -12*l = -z*l - 630. List the prime factors of l.
2, 3, 7
Suppose -2*i + 5*i = 0, 0 = -2*x + 2*i - 22. Let u(j) = -j**2 - 13*j + 0*j**2 + 42 - 48. What are the prime factors of u(x)?
2
Let c = -20 - -22. Let s = c - -14. List the prime factors of s.
2
Let a(d) = 1 + 7*d**2 - 4*d - d**3 + 0*d**3 + 1 - 2*d. Let r be a(6). Suppose 5*h - 5*b = -0*b + 120, 0 = r*h + 5*b - 34. What are the prime factors of h?
2, 11
List the prime factors of (-208180)/(-154) - 4/(-22).
2, 13
Let f(d) = 90*d**2 + 20*d - 69. What are the prime factors of f(4)?
1451
Suppose 0*k = k - 8. Suppose -3*z = k + 34. List the prime factors of (24/z)/((-4)/42).
2, 3
Suppose 1965 = 5*l - f - 17, -5*l - 2*f = -1976. What are the prime factors of l?
2, 3, 11
List the prime factors of -2*(3 + 2295/(-10)).
3, 151
List the prime factors of (-42)/(10 - 3) - (2 - 1525).
37, 41
Let w be (-4)/(-18) - (-646)/171. What are the prime factors of (50/w)/((-6)/(-24))?
2, 5
Suppose 3*s - 40 = -2*s. Let v(w) = 8*w - 1. What are the prime factors of v(s)?
3, 7
Suppose -2*a + 3*k - 121 = -0*a, 0 = 3*a - 2*k + 169. Let x = a - -73. What are the prime factors of x?
2, 5
What are the prime factors of 3/(33/43813) - 9?
2, 1987
Suppose -20 = -0*f - 4*f. Suppose 0 = -f*y + 7 - 2. Suppose 4*o = -4*g - y - 7, -16 = -4*o + 2*g. What are the prime factors of o?
2
List the prime factors of (-1)/5 + (-815980)/(-275).
3, 23, 43
Suppose -5*r - 3*f + 5*f - 132 = 0, -56 = 2*r - 4*f. Let y = r + 94. List the prime factors of y.
2, 17
Suppose -62*l + 107072 = -6*l. What are the prime factors of l?
2, 239
Let a = 4174 + -2295. List the prime factors of a.
1879
Let j be 1 - 1 - (-5)/((-25)/305). Let n = 145 + j. What are the prime factors of n?
2, 3, 7
Suppose 2*v = f - 0 + 2, f - 1 = -v. What are the prime factors of (-114)/15*(f + -10)?
2, 19
Let r(a) = a**2 + a - 4. Suppose 11 = -3*k - 1. What are the prime factors of r(k)?
2
What are the prime factors of 540 + 5 - 7 - 3?
5, 107
Suppose -3*a + 18 = 33. What are the prime factors of a/(-5)*(3 - -11)?
2, 7
Let y(p) = p**3 + 11*p**2 - 13*p - 8. Let a be (-9 + 29)*(-2)/4. What are the prime factors of y(a)?
2, 3, 37
Let q = 4240 - 2159. Let n = -1303 - q. What are the prime factors of (-4)/14 + n/(-84)?
2, 5
Suppose 12*x - 100 = 44. Let j(c) = -c**2 + 21*c + 27. List the prime factors of j(x).
3, 5
Let w(d) = -55*d**2 + 6*d + 3. Let j(p) = 55*p**2 - 7*p - 4. Let m(k) = -4*j(k) - 5*w(k). What are the prime factors of m(1)?
2, 3
Let o = 417 - 225. Suppose h + 16 = 5*h. Suppose h*p - o = p. What are the prime factors of p?
2
Suppose 4 = -0*y + y. Suppose o - 4 = -4*b + 8, 2*b - 12 = -o. Suppose -y - o = -a. What are the prime factors of a?
2
Let j(r) = r**2 - 3*r + 1. Let n be j(4). Suppose -4*l = 5*f - 553, f = 6*f - n*l - 535. List the prime factors of f.
109
Suppose -629 = -3*f - 218. Suppose -2*u = 2*d - 206, -2*u + 2*d + f + 57 = 0. List the prime factors of u.
2, 5
Let i(x) = -x**2 + 8*x + 37. Let m be i(11). Suppose -m*q = -26 - 678. What are the prime factors of q?
2, 11
Suppose -c - 5*t - 23 = -5, 0 = -5*c + 3*t + 50. Let i be (6/c)/((-4)/(-28)). Suppose i*z - 204 = -0*z. What are the prime factors of z?
2, 17
Let c(h) = -14*h + 1. Let z be c(-1). Let q = 2 + z. List the prime factors of q.
17
What are the prime factors of 2598/18 + 6/9?
5, 29
List the prime factors of 1 - ((-4)/(-10))/(5/(-5550)).
5, 89
Let f = 8671 + -5519. What are the prime factors of f?
2, 197
Let j = 852 - 135. List the prime factors of j.
3, 239
Let n = 2386 + -1033. List the prime factors of n.
3, 11, 41
Suppose 4*y = 5*t + 2014, -225*t = -4*y - 230*t + 2034. List the prime factors of y.
2, 11, 23
Suppose -2*v = u - v - 6, -2*v = -u. Suppose 5*s = -4*b + 274, -2*s + 128 = 2*b - u*s. What are the prime factors of b?
2, 3, 11
Suppose -5*f - 3*l - 110 = 2*l, -f = -l + 28. Let p be 3/5 - 10/f. What are the prime